-3*p - 2*p. What is the remainder when p is divided by 10/(-6)*(-18)/6?
4
Let k(u) = 2*u**2 - 36*u - 16. Calculate the remainder when k(19) is divided by 8.
6
Suppose 6*m = 5*m. Suppose 3*s = -m*s + 6. What is the remainder when 5 is divided by s?
1
Suppose k + 0*k - 2 = 0. Let r(j) be the third derivative of j**4/8 + j**3/6 + 11*j**2. Calculate the remainder when r(k) is divided by 3.
1
Let d(q) be the first derivative of q**3/3 + 25*q + 1. What is the remainder when d(0) is divided by 13?
12
Suppose c - 2*t = 3*t + 19, 125 = 5*c + 5*t. Calculate the remainder when c is divided by 13.
11
Let k be (4/(-2))/((-3)/(-3)). Let x be 573/21 - k/(-7). Suppose 2*l = 5*l - x. Calculate the remainder when 17 is divided by l.
8
Suppose 8*o - 31 = 7*o. What is the remainder when 91 is divided by o?
29
Suppose 18 + 69 = k + 2*f, -3*f + 249 = 3*k. Calculate the remainder when k is divided by 27.
25
Let n = 12 + 4. Calculate the remainder when 78 is divided by n.
14
Let x(i) = 2*i + 3. Let r = 2 + -1. Calculate the remainder when x(0) is divided by r.
0
Let c = -57 - -99. What is the remainder when c is divided by 11?
9
Suppose 7*c = 5*c. Suppose 47 = g + 3*b - c*b, -b = 5*g - 221. Calculate the remainder when g is divided by 15.
14
Let c = -3 - -9. Suppose 0*o - o = 14. What is the remainder when (-468)/(-28) - 4/o is divided by c?
5
Let n = -7 + 11. Let d be (6/n)/((-4)/(-8)). Suppose -4*w = u - 14 - 14, 2*u + d*w = 66. What is the remainder when u is divided by 19?
17
Let s = -6 - -12. Let v = -10 - -27. Calculate the remainder when v is divided by s.
5
Suppose 0*l + 22 = 2*l. What is the remainder when 52 is divided by l?
8
Let o = -211 + 346. What is the remainder when o is divided by 35?
30
Suppose -k + 332 = 5*z - 28, -5*z = 5*k - 340. What is the remainder when z is divided by 15?
13
Let g = 6 - 4. Suppose 0 = 2*u - 3*s - 19, -4*s = -2*u - g + 24. Let m = -4 + u. What is the remainder when 2 is divided by m?
0
Calculate the remainder when (-7 - 1 - -4) + 77 is divided by 19.
16
Let w(q) = -4*q - 26. What is the remainder when 59 is divided by w(-9)?
9
Let y(i) = i**3 + 2*i**2 - 3*i + 4. What is the remainder when 5 is divided by y(-3)?
1
Let t(h) = 2*h**3 + 5. Calculate the remainder when t(0) is divided by 3.
2
Let p be 1 - (2/2 - 2). Let m be 4/p*(-8)/(-4). Suppose g = 5*r + 3, 2*g - m*r = -g + 42. Calculate the remainder when 52 is divided by g.
16
Suppose -3*u = -7*u + 4. Calculate the remainder when 4 is divided by u.
0
Let m = 8 - 32. Let a be (-6*3)/(16/m). Let x = 40 - a. What is the remainder when 37 is divided by x?
11
Suppose 2*k - 2*l = -7*l + 11, 6 = 2*l. Suppose -6*b + 24 = 2*b. What is the remainder when 37 is divided by k*b/((-18)/39)?
11
Let p = 3 - -4. Suppose -9 = -3*h, -o - o + h = -p. What is the remainder when 12 is divided by o?
2
Let i(l) = 17*l - 12. Calculate the remainder when i(3) is divided by 21.
18
Let q(v) = 2*v**3 + v. Let l be q(1). Let m be (l/(-9))/((-2)/12). Suppose m*a - o - 5 = 0, -8 - 4 = -3*a - 3*o. What is the remainder when 4 is divided by a?
1
Suppose -i + 2*i = -4*c + 110, 0 = -5*i + 5*c + 450. Calculate the remainder when i is divided by 19.
18
Let r(d) = d**3 - d**2 - 5*d - 4. Let i be r(3). Let b(q) = -14*q + 1. Calculate the remainder when b(i) is divided by 6.
3
Let y(q) = -q**2 - 11*q + 6. Suppose 3*t + 35 = 8. What is the remainder when y(t) is divided by 13?
11
Let p = 60 - 8. Suppose -32 = -3*r - 5*w, 0*w - p = -4*r - 2*w. Calculate the remainder when 53 is divided by r.
11
Suppose -2*p - 3*j = 3*p - 129, 2*p - 63 = -5*j. Let i = -197 - -95. Calculate the remainder when p is divided by (-2)/(-8) - i/8.
11
Let m = 85 + -52. What is the remainder when 19 is divided by m*1/(-3)*-1?
8
Let w(g) = 68*g**2 + 2*g. Calculate the remainder when w(-1) is divided by 23.
20
Let g = 8 + -5. Suppose 3*a = g*i - 18, -i - 2*a - 2*a = -6. What is the remainder when 9 is divided by i/(-8)*(-4 - 4)?
3
Suppose 3*l + 111 = 6*l. Let i = l + -2. Calculate the remainder when i is divided by 19.
16
Suppose 2*n - 12 - 16 = 0. What is the remainder when 9/6*52/3 is divided by n?
12
Suppose 0 = -m - 4*i, -3 = -2*m - 3*i + 22. Suppose m = -0*d - 5*d. Calculate the remainder when 2/(-3)*186/d is divided by 11.
9
Let p(c) = c**3 - 2*c**2 + c - 1. Suppose 2*l + 10 = 7*l. What is the remainder when 1*2 - -1 - 1 is divided by p(l)?
0
Let d(a) = -4*a - 7. Let z(s) = s - 5. Let v be z(6). What is the remainder when 37*1/v + 0 is divided by d(-5)?
11
Let h(k) = k**2 + k + 3. Suppose -4*b + 2*a + 3 = 13, 3*a + 25 = -4*b. What is the remainder when 43 is divided by h(b)?
13
Let y = 132 + -81. What is the remainder when y is divided by 6?
3
Suppose -2*t + 4*v + 13 = t, 5*t = -4*v + 11. Let f = 3 - 2. Let b = f + 6. Calculate the remainder when b is divided by t.
1
Let a be (12/(-15))/((-4)/(-30)). Let u = 11 + a. What is the remainder when u is divided by 3?
2
Suppose -36 = -x - 2*x. Let o(b) = b**3 - 3*b**2 + 3*b - 2. Let d be o(2). Calculate the remainder when (x - 1)/1 - d is divided by 6.
5
Suppose -2*a = 2*a - 108. What is the remainder when a is divided by 14?
13
Suppose -2*i = 5*q + 2, -2*q - 20 = 3*q. Calculate the remainder when 35 is divided by i.
8
Let d(c) = c**3 - 4*c**2 + 3*c + 4. Suppose 105 = 6*n + 21. What is the remainder when n is divided by d(3)?
2
Calculate the remainder when 2/((-2)/44*-4) is divided by 4.
3
Let h be -5 - (0 + -1 + 1). Let f = 8 + h. Suppose -2*o = f*j + 1, -3*j - 20 = -8*j + o. What is the remainder when j is divided by 2?
1
Let p be (1 - -27 - 3) + -2. Suppose -5*m - p = -113. What is the remainder when ((-66)/4)/((-3)/6) is divided by m?
15
Let o = 14 - 9. Suppose -5*z = -2*c + 19, 3*c - o*z + z - 18 = 0. What is the remainder when 6 is divided by c?
0
Let p = 129 + -116. Calculate the remainder when 88 is divided by p.
10
What is the remainder when 3 is divided by 1 + (4 + -6 - -2)?
0
Let l(r) = -r**2 - 12*r + 4. Let j be l(-7). Suppose 5*v - 26 = j. Let b = 60 + -35. Calculate the remainder when b is divided by v.
12
Let u(j) = 2*j + j - j + 1. Let d be (-18)/(-2)*(14/6 + -2). Calculate the remainder when 13 is divided by u(d).
6
Let a = 30 - 59. Suppose 5*o + 56 = -4. Let s = o - a. What is the remainder when 32 is divided by s?
15
What is the remainder when 207/(-3)*2/(-3) is divided by (-33)/(-2) + 1/(-2)?
14
Let z(s) = s**2 - 3*s + 3. Let n(c) = 16*c - 2. Let b be n(6). Let u = b + -32. What is the remainder when u is divided by z(-3)?
20
Let c = 1 - -21. What is the remainder when (-165)/(-4) + 2/(-8) is divided by c?
19
Let h(p) = -p**3 - 9*p**2 + 8*p + 8. Calculate the remainder when h(-10) is divided by 8.
4
What is the remainder when 20 is divided by 55/(-10)*1*-2?
9
Let p be (1 + -5)*(-10)/(-4). Let s = -7 - p. Suppose -m + 8 = 4*r - 2*r, 0 = -4*m + 4*r - 4. What is the remainder when s is divided by m?
1
Let i be (-47)/(-7) - 2/(-7). Suppose -4*f = -41 - i. Suppose 0 = 8*s - 4*s - 136. What is the remainder when s is divided by f?
10
Suppose 2*m - m = 9. Let r(u) be the third derivative of u**4/8 - u**3/3 - 3*u**2. What is the remainder when r(9) is divided by m?
7
Suppose 2*o + 64 = 6*a - a, 0 = 3*a - 2*o - 36. Let z(b) = b**2 + b + 26. Let q be z(0). Let s = q + 1. What is the remainder when s is divided by a?
13
Suppose -2*u - 2*k + 7 = -13, 45 = 3*u - 2*k. What is the remainder when 25 is divided by u?
12
Suppose 0 = 2*m + 2*m - 12. Suppose -5*r = -5*f + 165, 0 = f + m*f - 2*r - 130. What is the remainder when f is divided by 11?
10
Suppose 44 + 13 = 3*n. What is the remainder when 207 is divided by n?
17
Let l be -2 + (2 - 0) - -1. Let v = 2 + l. Let f(r) = r + 4. Calculate the remainder when v is divided by f(-2).
1
Let w(u) = 9 - 6*u - 10*u + 14*u. What is the remainder when 17 is divided by w(0)?
8
Suppose 0 = -5*l + 4*l - 4*v + 21, 0 = 5*l - 2*v - 105. Calculate the remainder when l is divided by (-60)/(-7) + (-8)/14.
5
Calculate the remainder when (46/3)/((-2)/(-3)) is divided by 13.
10
Suppose -2*q - 7 + 35 = 0. Calculate the remainder when q is divided by 4.
2
Let v = -1 + 9. Let s(m) = -4*m + 4*m - 7*m + 5 - m**3 + v*m**2. Calculate the remainder when s(7) is divided by 3.
2
Suppose 28*s - 24*s = 328. What is the remainder when s is divided by 14?
12
Let a(h) = -h +